 - 4 - 0. What are the prime factors of n?
2
Suppose 21 + 9 = -2*f. List the prime factors of (-339)/(-9) - (-10)/f.
37
Let i be (-2 - -2)/(4/(-2)). Let x = 5 - 1. Let h = x - i. List the prime factors of h.
2
Let g(q) = -q**3 + 5*q**2 + 6*q. Let a be g(5). Suppose d + 4*d = a. List the prime factors of ((-4)/d)/((-2)/15).
5
Suppose 0 = 2*p + 3*c + 15, 0*c - 5 = 5*p + c. Let y = 4 - p. What are the prime factors of y?
2
Let j(l) = -l. Let h(x) = -3*x + 8. Let i(c) = h(c) - j(c). Let v be i(6). List the prime factors of 65/10 + 2/v.
2, 3
Let i = -133 + 189. What are the prime factors of i?
2, 7
Let l(i) = i**3 - 9*i**2 + i + 2. Let x be l(9). Suppose 6*b - x*b + 115 = 0. What are the prime factors of b?
23
Let k(d) = 18*d + 1. Let c be k(1). Let l = 26 + c. Suppose 0 = 3*b - 4*u - 51 + 6, u - l = -3*b. List the prime factors of b.
3, 5
Let u be 72/(-16)*4/(-3). Suppose 3*y - 19 = -2*i + u, 3*y + 7 = 2*i. List the prime factors of i.
2
Let h(d) = -d**3 + d**2 + d + 22. Let m(w) = w**2 - 2*w - 3. Let p be m(3). List the prime factors of h(p).
2, 11
Let i = 43 + 31. List the prime factors of i.
2, 37
Suppose 0 = -n - 26 + 5. Let a = n - -37. List the prime factors of a.
2
Let z be (6/(-10))/(2/(-10)). Suppose 0 = -5*w + 2*u + 11, -3 = 4*w - z*u - 16. Let a = 9 + w. List the prime factors of a.
2, 5
Let i = 18 + 72. List the prime factors of i.
2, 3, 5
Let v(w) = -w**3 - 4*w**2 + 2*w + 2. Let q be v(-4). List the prime factors of q*(-1)/(6/4).
2
Suppose -2*k + 118 + 16 = -3*u, 0 = 2*u - k + 89. Let c be 414/22 - 8/u. Let d = 27 - c. List the prime factors of d.
2
List the prime factors of 48/4 + 3 + -4.
11
Suppose 3*o - 1 = 2*o. Suppose g - 4*z = 7, 3*g - z = 13 - 3. Suppose -c + 24 = 5*q, 2*q - 6 = -g*c + o. What are the prime factors of q?
5
Suppose 0 = 5*i - g - 106, 4*g - 81 = -4*i + g. List the prime factors of i.
3, 7
Let q(n) = -n**2 + 10*n + 2. Let p be q(10). Suppose 54 = 3*s - 4*c - 30, -4*s = -p*c - 112. What are the prime factors of s?
2, 7
Let r = -4 - -9. Suppose -r*a + 12 = -a. Suppose 3*m - 3 = 3*d, 0 = 5*d + a*m - 0 - 19. What are the prime factors of d?
2
Let s be 2*(1 + (-194)/(-4)). Suppose -8*p = -5*p - s. List the prime factors of p.
3, 11
Suppose 2*u + 4*q - 14 = 0, 0*u - 3*q = -4*u + 39. Let l(k) be the third derivative of k**5/60 - 7*k**4/24 - 13*k**3/6 - k**2. List the prime factors of l(u).
5
Let y(t) = -t**3 + 7*t**2 + t - 4. Let s be y(7). Suppose 5*f - 7 = 8. Suppose 4*r = s*r - f, 5*r + 37 = 2*l. List the prime factors of l.
11
List the prime factors of 3/18*-3 - (-625)/2.
2, 3, 13
Suppose -g - 5*m = -87, 4*g - m = 3*m + 420. What are the prime factors of g?
2, 3, 17
List the prime factors of -2*(-4)/(-8)*-37.
37
Let n be 7*(-2 - (-3 - -2)). Let b = -8 + 13. Let z = b - n. What are the prime factors of z?
2, 3
List the prime factors of (1*-38)/(-1) + 4.
2, 3, 7
Suppose 5*l = -2*y - 19 - 22, -5*l = -5*y + 20. Let c = 14 + l. What are the prime factors of c?
7
Suppose 0*a + 2*l = -5*a + 761, -4*a + 5*l = -622. What are the prime factors of a?
3, 17
Suppose 5*g = -4*y + 24, 3*y - 29 = -5*g - 1. What are the prime factors of g?
2
Let s be (-6)/(-12)*(-1 - -5). Suppose 42 = s*y - 0*y. What are the prime factors of y?
3, 7
Suppose 0 = 2*o - l - 221, 0*o - 2*l + 530 = 5*o. List the prime factors of o.
2, 3
Suppose 5*r - 3*y + 1 = 0, -2*r = -5*y + 5 + 3. Let s(q) = -4*q + 3. Let w(v) = -1. Let g(c) = r*s(c) + 2*w(c). List the prime factors of g(-1).
5
Suppose 8 = b - 27. What are the prime factors of b?
5, 7
List the prime factors of (340/(-12))/(-5)*6.
2, 17
Let j = 31 - 12. Let m = -4 + j. List the prime factors of m.
3, 5
Let h(l) = 2*l**2 - 27*l + 29. Let m(w) = -w**2 + 13*w - 14. Let r(p) = -4*h(p) - 9*m(p). List the prime factors of r(9).
2, 5
Let z(m) = -2*m + 1. Let r be z(3). Let d = r + 12. Suppose -2*j = -d*j + 50. List the prime factors of j.
2, 5
Suppose 3*w - 8*w - 37 = -2*y, w - 1 = 0. What are the prime factors of y?
3, 7
Let u(d) = d**2 - 2. Let m be u(2). Suppose m*w = 21 + 5. What are the prime factors of w?
13
Let t(v) = -6*v**2 + 1. Let q be t(1). Let w be 4 + 7/(28/16). Let p = q + w. List the prime factors of p.
3
Suppose 2 = -z + 4. Let a = z + 24. List the prime factors of a.
2, 13
Let v(w) = w**2 + 3*w + 2. Let z be v(-3). List the prime factors of 18*(z/(-6) - -1).
2, 3
List the prime factors of ((-117)/5)/(-1*9/30).
2, 3, 13
Let b(j) = -j - 3. Let c be b(-6). Let u(t) = -2 + 12*t + c - 3*t. What are the prime factors of u(1)?
2, 5
Let f = 17 - 11. Suppose 0 = a + 4*x + 8, 0 = -3*a + 2*x - 4*x + f. List the prime factors of a.
2
Suppose -3*j - 3*d = -57, -4*j + 5*d + 31 = -2*j. Let a = j + -12. List the prime factors of a.
2, 3
Let g be (-3 - -5) + 2/1. Let q be (-3)/(((-9)/g)/3). What are the prime factors of -2*((-18)/q)/3?
3
Suppose 0 = -2*q - 1 + 7. Suppose -q*j + 40 = -0*j - f, 4*j - f = 55. List the prime factors of j.
3, 5
What are the prime factors of 27 - 4/(-16)*-4?
2, 13
Let r(a) = 2*a**2 - 5*a + 2. Let q be r(3). Suppose -q*n = -2*n - 27. What are the prime factors of n?
3
What are the prime factors of 68 + 1 + (0 - 3)?
2, 3, 11
List the prime factors of 49 + 1 + (-1)/((-2)/4).
2, 13
Let w be 38/(-4) - (-3)/(-6). Let c = w + 39. Suppose -4*z + c = -31. List the prime factors of z.
3, 5
Suppose -a = 3*t + 4*a + 13, -2*t - 2*a - 14 = 0. Let h = 8 + t. Let s(p) = -p**3 - 3*p**2 - 2*p - 3. What are the prime factors of s(h)?
3
Let i = -4 - -3. Let b = 2 - i. Suppose -24 = -b*o - 0. What are the prime factors of o?
2
Let z be (24/(-18))/((-2)/3). Suppose 5 = -z*c - 7. What are the prime factors of (24/10)/(c/(-40))?
2
Let u be (-1)/(-4) - 21/4. Let i be (-6)/(-15) + 2/u. What are the prime factors of (-10)/(-2) - (-2 - i)?
7
Let o(v) = v**2 - 3*v - 13. What are the prime factors of o(-7)?
3, 19
Let m(c) = -5*c. Let h = -19 - -18. What are the prime factors of m(h)?
5
Let d be 15 - (0 + 0)/1. Let f be (-6)/d + (-76)/10. Let k = f - -10. List the prime factors of k.
2
Suppose -12 = -4*w, 3*o + 3*w - 16 + 1 = 0. Suppose -o = j - 0. What are the prime factors of -2*5/(5/j)?
2
Let p(s) = s**2 + 17*s - 15. List the prime factors of p(6).
3, 41
Let n(o) = -o**3 + 17*o**2 - 13*o - 42. List the prime factors of n(15).
3, 71
Suppose -8 = -2*u - 2*u. Suppose 3*i - u*v = -0*i - 10, 5 = -i + v. Suppose 2*p + 53 = d + 2*d, i = 2*d + 2*p - 32. What are the prime factors of d?
17
Let j(s) = -s + 33. Let h be j(0). Suppose -4*v + 4*n = -12, -3*v + n + h = 6*n. List the prime factors of v.
2, 3
Suppose -2*i + 8 = -2*m, 0 = -5*i - 5*m - 0*m + 20. Suppose i*x = 5*x - 12. List the prime factors of x.
2, 3
Let i = 6 + -5. Suppose -4 + i = l. Let w = 9 - l. List the prime factors of w.
2, 3
List the prime factors of 528/(-28)*(-4 - (-39)/(-6)).
2, 3, 11
Let m(v) = v**2 - 6*v + 1. Let h be m(6). Suppose -3*o - h = -13. Suppose -2*x + 16 = -o*a + 8*a, -a = 2. What are the prime factors of x?
2, 3
Let w(d) = 5*d - 1. Suppose 1 = -5*q - 4. Let p = 1 - q. List the prime factors of w(p).
3
Suppose -5 = -0*n - n + t, -2*n + 14 = 2*t. Suppose -n = -h + 11. List the prime factors of h.
17
List the prime factors of (-2)/(-3) - (-9)/((-135)/(-350)).
2, 3
Suppose 55*f - 53*f = 166. List the prime factors of f.
83
Let y(v) = -6*v + 2. Let o(m) = 5*m - 1. Let h(x) = -4*o(x) - 3*y(x). Let r be h(-2). Suppose 8 = r*p - 10. List the prime factors of p.
3
Let o be -3*2/(-4)*2. Suppose -117 = -o*l + 42. Suppose 0 = -3*m + 5*c + l, 4*c = -19 + 3. What are the prime factors of m?
11
Let c = 98 + -48. What are the prime factors of c?
2, 5
Let k(z) = z**3 - 3*z**2 + 8*z - 4. List the prime factors of k(4).
2, 11
What are the prime factors of (32/(-40))/4 - (-11)/5?
2
Suppose 0 = -3*l - 5 - 7. What are the prime factors of -2 + 0 - (0 + l)?
2
Let d(a) be the second derivative of -a**4/12 + 5*a**3/6 + 3*a**2 + a. Let r be d(6). Suppose r = -k - 0*k + 3. List the prime factors of k.
3
Suppose 5*j = -3*x - 2*x + 80, 3*x - 34 = 4*j. Suppose x = v + v. List the prime factors of v.
7
List the prime factors of -18*((-45)/10)/3.
3
Let q(y) = -y**2 - y + 6. Let x be q(0). Suppose 4*z - 3*a = 115, z + 152 = x*z - a. List the prime factors of z.
31
Suppose 0*v = 5*v. Suppose v = -4*p + 15 + 1. Suppose -g = -3*g + p. List the prime factors of g.